{"id":39,"date":"2020-07-08T18:53:48","date_gmt":"2020-07-08T16:53:48","guid":{"rendered":"https:\/\/radlager-freiburg.org\/?page_id=39"},"modified":"2026-04-13T16:49:58","modified_gmt":"2026-04-13T14:49:58","slug":"ueber-uns","status":"publish","type":"page","link":"https:\/\/radlager-freiburg.org\/?page_id=39","title":{"rendered":"\u00dcber uns"},"content":{"rendered":"\n<p>Nicht nur in Freiburg ist Wohnen seit jeher ein zentrales Thema. Spekulation, Verdr\u00e4ngung und Gentrifizierung sind allgegenw\u00e4rtig. Seit \u00fcber vier Jahrzehnten organisieren sich deshalb in Freiburg beispielsweise Menschen in Wagengruppen, da Wagenleben diesen prek\u00e4ren Ver\u00e4ltnissen eine konkrete Utopie eines solidarischen Miteinanders entgegenstellt. Wenn euch die Geschichte Freiburger Wagenpl\u00e4tze mehr interessiert findet ihr <a href=\"https:\/\/radlager-freiburg.org\/?page_id=82\" data-type=\"link\" data-id=\"https:\/\/radlager-freiburg.org\/?page_id=741\">hier<\/a> dazu mehr.<\/p>\n\n\n\n<p>Mit Radlager schaffen wir seit \u00fcber 4 Jahren einen Ort in Freiburg St. Georgen in dem wir selbstbestimmt und selbstverwaltet leben k\u00f6nnen. Wir leben in wendigen Lastern, kleinen Wohnw\u00e4gen und Bauw\u00e4gen aus Holz. Alle selbst (aus)gebaut, mit Charakter und R\u00e4dern. Damit versiegeln wir keine Fl\u00e4chen und sind mobil. F\u00fcr gemeinsame Treffen, Essen und winterwarme Zeiten haben wir einen Gemeinschaftsraum mit angrenzendem Bad und einem kleinen Umsonstladen. Zum Werkeln gibt es eine Werkstatt. Im Au\u00dfenbereich au\u00dferdem einen Garten, eine Bar und viel Platz, sei es f\u00fcr Konzerte, Feste, Theater, Workshops, Zirkus, Vortr\u00e4ge oder unsere monatliche Kneipe.<\/p>\n\n\n\n<p>Durch unsere Veranstaltungen hat sich unser Platz innerhalb der letzten Jahre als wichtiger kultureller Begegnungsort im Viertel etabliert. Hierf\u00fcr ist es uns wichtig zug\u00e4nglich zu sein und Barrieren abzubauen und R\u00e4ume f\u00fcr Austausch zu schaffen, damit bei unseren regelm\u00e4\u00dfigen und \u00f6ffentlich beworbenen Veranstaltungen immer wieder viele unterschiedliche Menschen zusammen kommen k\u00f6nnen. Zudem organisieren wir noch Veranstaltungen f\u00fcr unsere direkte Nachbar*innenschaft. Dabei finden wir es wichtig mit den Menschen aus unserem Wohnumfeld vernetzt zu sein und sich gegenseitig zu unterst\u00fctzen, anstatt anonym nebeneinander zu wohnen.<\/p>\n\n\n\n<p>Aktuell l\u00e4uft unser Mietvertrag mit der Stadt Freiburg noch bis Ende 2027, wobei wir im stetigen Austausch mit verschiedenen Akteur*innen zu unserer zuk\u00fcnftigen Perspektive sind.<\/p>\n\n\n\n<p><br><strong>Unsere Gruppe und die Selbstverwaltung<\/strong><br><br>Als Gruppe wollen wir uns \u2013 gemeinsam mit Nachbar<em>innen und Gef\u00e4hrt<\/em>innen \u2013 einmischen. In die Entwicklung des Quartiers, die Stadtpolitik und in das Zusammenleben in unserer Gesellschaft. Viel mehr wollen wir uns nicht nur einmischen, sondern Aufmischen und neue Wege suchen solidarisch miteinander zu leben und umzugehen.<\/p>\n\n\n\n<p>Wir wollen keine Machtverh\u00e4ltnisse reproduzieren oder aus gesellschaftlichen Ungleichverh\u00e4ltnissen Gewinne ziehen. Stattdessen wollen wir uns kritisch reflektieren und mit unseren eigenen Privilegien auseinandersetzen, vorgegebene Rollen hinterfragen und Diskriminierung jeglicher Art ansprechen und bek\u00e4mpfen. Dies wollen wir gerne auch in unsere Nachbar*innenschaft ausstrahlen.<\/p>\n\n\n\n<p>F\u00fcr uns geh\u00f6rt dazu eine basisdemokratische und horizontale Organisierung: W\u00f6chentlich treffen wir uns zum Plenum und entscheiden im Konsens. Das bedeutet nicht, das wir immer alle einer Meinung sein m\u00fcssen, sondern so lange einen Vorschlag erarbeiten, bis diesen alle mittragen k\u00f6nnen. Selbstverwaltung ist viel Arbeit, die auf viele Schultern verteilt werden muss. Hierbei rotieren innerhalb der Gruppe wichtige Aufgaben und wir haben eine gemeinsame Essenskasse, ein gemeinsames Konto f\u00fcr Miete und Anschaffungen, Arbeitsgruppen, in denen wir zum Beispiel unseren Holzbedarf organisieren oder uns bei einer Solidarischen Landwirtschaft einbringen und regionales Gem\u00fcse vermampfen. Da es immer was zu tun gibt werkeln wir regelm\u00e4\u00dfig zusammen an unserer Infrastruktur und f\u00fchren unser Wissen bei den Bau- und Werkstatttagen zusammen.<\/p>\n\n\n\n<p><br><strong>Netzwerke<\/strong><br><br>\u00dcber unseren Platz hinaus pflegen wir unsere Kooperationen mit Tritta e.V. Freiburg, Jugend in der Welt e.V. Ortsgruppe Freiburg und dem Klappergarten e.V.. Neben diesen Kooperationen sind wir au\u00dferdem gut mit unseren Nachbar*innen und dem St. Georgener Vereinsleben vernetzt. Zudem organisieren wir uns in der &#8220;IG Gemeinsam im Sportpark&#8221;.<\/p>\n\n\n\n<p id=\"block-881f2b2d-b51a-4e6a-829c-1620b94a9077\"><\/p>\n\n\n\n<p><\/p>\n\n\n\n<p id=\"block-df01514c-450c-4ff9-af95-e4a69b269952\">Tritta e.V. Freiburg<\/p>\n\n\n\n<figure class=\"wp-block-image\" id=\"block-04497826-f0ee-4b5e-a5b0-b2b26d7e05e2\"><a href=\"https:\/\/www.tritta-freiburg.de\/\"><img decoding=\"async\" src=\"https:\/\/radlager-freiburg.org\/wp-content\/uploads\/2025\/07\/grafik.png\" alt=\"This image has an empty alt attribute; its file name is grafik.png\"\/><\/a><\/figure>\n\n\n\n<p id=\"block-e3a632f0-7ae5-437a-8bce-2dfabe62d5a9\">Jugend in der Welt e.V. Ortsgruppe Freiburg<\/p>\n\n\n\n<figure class=\"wp-block-image\" id=\"block-a2405fdb-6568-4505-9aac-162cb5785259\"><a href=\"https:\/\/jugend-in-der-welt.de\/ortsgruppen\/freiburg\/\"><img decoding=\"async\" src=\"https:\/\/radlager-freiburg.org\/wp-content\/uploads\/2025\/07\/grafik-2-1024x362.png\" alt=\"This image has an empty alt attribute; its file name is grafik-2-1024x362.png\"\/><\/a><\/figure>\n\n\n\n<p id=\"block-11022b47-78da-42b1-99ff-f676d79561c2\">Klappergarten e.V. in Freiburg St.Georgen<\/p>\n\n\n\n<figure class=\"wp-block-image\" id=\"block-10d68dd3-e844-4eeb-99d4-915c5e2a7dfe\"><a href=\"https:\/\/klappergarten.de\/\"><img decoding=\"async\" src=\"https:\/\/radlager-freiburg.org\/wp-content\/uploads\/2025\/07\/grafik-3.png\" alt=\"This image has an empty alt attribute; its file name is grafik-3.png\"\/><\/a><\/figure>\n","protected":false},"excerpt":{"rendered":"<p>Nicht nur in Freiburg ist Wohnen seit jeher ein zentrales Thema. Spekulation, Verdr\u00e4ngung und Gentrifizierung sind allgegenw\u00e4rtig. Seit \u00fcber vier Jahrzehnten organisieren sich deshalb in Freiburg beispielsweise Menschen in Wagengruppen, da Wagenleben diesen prek\u00e4ren Ver\u00e4ltnissen eine konkrete Utopie eines solidarischen &hellip; <a href=\"https:\/\/radlager-freiburg.org\/?page_id=39\">Continue reading <span class=\"meta-nav\">&rarr;<\/span><\/a><\/p>\n","protected":false},"author":1,"featured_media":0,"parent":0,"menu_order":20,"comment_status":"closed","ping_status":"closed","template":"","meta":{"footnotes":""},"class_list":["post-39","page","type-page","status-publish","hentry"],"_links":{"self":[{"href":"https:\/\/radlager-freiburg.org\/index.php?rest_route=\/wp\/v2\/pages\/39","targetHints":{"allow":["GET"]}}],"collection":[{"href":"https:\/\/radlager-freiburg.org\/index.php?rest_route=\/wp\/v2\/pages"}],"about":[{"href":"https:\/\/radlager-freiburg.org\/index.php?rest_route=\/wp\/v2\/types\/page"}],"author":[{"embeddable":true,"href":"https:\/\/radlager-freiburg.org\/index.php?rest_route=\/wp\/v2\/users\/1"}],"replies":[{"embeddable":true,"href":"https:\/\/radlager-freiburg.org\/index.php?rest_route=%2Fwp%2Fv2%2Fcomments&post=39"}],"version-history":[{"count":9,"href":"https:\/\/radlager-freiburg.org\/index.php?rest_route=\/wp\/v2\/pages\/39\/revisions"}],"predecessor-version":[{"id":759,"href":"https:\/\/radlager-freiburg.org\/index.php?rest_route=\/wp\/v2\/pages\/39\/revisions\/759"}],"wp:attachment":[{"href":"https:\/\/radlager-freiburg.org\/index.php?rest_route=%2Fwp%2Fv2%2Fmedia&parent=39"}],"curies":[{"name":"wp","href":"https:\/\/api.w.org\/{rel}","templated":true}]}}

Über uns

<p>Nicht nur in Freiburg ist Wohnen seit jeher ein zentrales Thema. Spekulation, Verdrängung und Gentrifizierung sind allgegenwärtig. Seit über vier Jahrzehnten organisieren sich deshalb in Freiburg beispielsweise Menschen in Wagengruppen, da Wagenleben diesen prekären Verältnissen eine konkrete Utopie eines solidarischen Miteinanders entgegenstellt. Wenn euch die Geschichte Freiburger Wagenplätze mehr interessiert findet ihr <a href="https://radlager-freiburg.org/?page_id=82" data-type="link" data-id="https://radlager-freiburg.org/?page_id=741">hier</a> dazu mehr.</p>



<p>Mit Radlager schaffen wir seit über 4 Jahren einen Ort in Freiburg St. Georgen in dem wir selbstbestimmt und selbstverwaltet leben können. Wir leben in wendigen Lastern, kleinen Wohnwägen und Bauwägen aus Holz. Alle selbst (aus)gebaut, mit Charakter und Rädern. Damit versiegeln wir keine Flächen und sind mobil. Für gemeinsame Treffen, Essen und winterwarme Zeiten haben wir einen Gemeinschaftsraum mit angrenzendem Bad und einem kleinen Umsonstladen. Zum Werkeln gibt es eine Werkstatt. Im Außenbereich außerdem einen Garten, eine Bar und viel Platz, sei es für Konzerte, Feste, Theater, Workshops, Zirkus, Vorträge oder unsere monatliche Kneipe.</p>



<p>Durch unsere Veranstaltungen hat sich unser Platz innerhalb der letzten Jahre als wichtiger kultureller Begegnungsort im Viertel etabliert. Hierfür ist es uns wichtig zugänglich zu sein und Barrieren abzubauen und Räume für Austausch zu schaffen, damit bei unseren regelmäßigen und öffentlich beworbenen Veranstaltungen immer wieder viele unterschiedliche Menschen zusammen kommen können. Zudem organisieren wir noch Veranstaltungen für unsere direkte Nachbar*innenschaft. Dabei finden wir es wichtig mit den Menschen aus unserem Wohnumfeld vernetzt zu sein und sich gegenseitig zu unterstützen, anstatt anonym nebeneinander zu wohnen.</p>



<p>Aktuell läuft unser Mietvertrag mit der Stadt Freiburg noch bis Ende 2027, wobei wir im stetigen Austausch mit verschiedenen Akteur*innen zu unserer zukünftigen Perspektive sind.</p>



<p><br><strong>Unsere Gruppe und die Selbstverwaltung</strong><br><br>Als Gruppe wollen wir uns – gemeinsam mit Nachbar<em>innen und Gefährt</em>innen – einmischen. In die Entwicklung des Quartiers, die Stadtpolitik und in das Zusammenleben in unserer Gesellschaft. Viel mehr wollen wir uns nicht nur einmischen, sondern Aufmischen und neue Wege suchen solidarisch miteinander zu leben und umzugehen.</p>



<p>Wir wollen keine Machtverhältnisse reproduzieren oder aus gesellschaftlichen Ungleichverhältnissen Gewinne ziehen. Stattdessen wollen wir uns kritisch reflektieren und mit unseren eigenen Privilegien auseinandersetzen, vorgegebene Rollen hinterfragen und Diskriminierung jeglicher Art ansprechen und bekämpfen. Dies wollen wir gerne auch in unsere Nachbar*innenschaft ausstrahlen.</p>



<p>Für uns gehört dazu eine basisdemokratische und horizontale Organisierung: Wöchentlich treffen wir uns zum Plenum und entscheiden im Konsens. Das bedeutet nicht, das wir immer alle einer Meinung sein müssen, sondern so lange einen Vorschlag erarbeiten, bis diesen alle mittragen können. Selbstverwaltung ist viel Arbeit, die auf viele Schultern verteilt werden muss. Hierbei rotieren innerhalb der Gruppe wichtige Aufgaben und wir haben eine gemeinsame Essenskasse, ein gemeinsames Konto für Miete und Anschaffungen, Arbeitsgruppen, in denen wir zum Beispiel unseren Holzbedarf organisieren oder uns bei einer Solidarischen Landwirtschaft einbringen und regionales Gemüse vermampfen. Da es immer was zu tun gibt werkeln wir regelmäßig zusammen an unserer Infrastruktur und führen unser Wissen bei den Bau- und Werkstatttagen zusammen.</p>



<p><br><strong>Netzwerke</strong><br><br>Über unseren Platz hinaus pflegen wir unsere Kooperationen mit Tritta e.V. Freiburg, Jugend in der Welt e.V. Ortsgruppe Freiburg und dem Klappergarten e.V.. Neben diesen Kooperationen sind wir außerdem gut mit unseren Nachbar*innen und dem St. Georgener Vereinsleben vernetzt. Zudem organisieren wir uns in der &#8220;IG Gemeinsam im Sportpark&#8221;.</p>



<p id="block-881f2b2d-b51a-4e6a-829c-1620b94a9077"></p>



<p></p>



<p id="block-df01514c-450c-4ff9-af95-e4a69b269952">Tritta e.V. Freiburg</p>



<figure class="wp-block-image" id="block-04497826-f0ee-4b5e-a5b0-b2b26d7e05e2"><a href="https://www.tritta-freiburg.de/"><img decoding="async" src="https://radlager-freiburg.org/wp-content/uploads/2025/07/grafik.png" alt="This image has an empty alt attribute; its file name is grafik.png"/></a></figure>



<p id="block-e3a632f0-7ae5-437a-8bce-2dfabe62d5a9">Jugend in der Welt e.V. Ortsgruppe Freiburg</p>



<figure class="wp-block-image" id="block-a2405fdb-6568-4505-9aac-162cb5785259"><a href="https://jugend-in-der-welt.de/ortsgruppen/freiburg/"><img decoding="async" src="https://radlager-freiburg.org/wp-content/uploads/2025/07/grafik-2-1024x362.png" alt="This image has an empty alt attribute; its file name is grafik-2-1024x362.png"/></a></figure>



<p id="block-11022b47-78da-42b1-99ff-f676d79561c2">Klappergarten e.V. in Freiburg St.Georgen</p>



<figure class="wp-block-image" id="block-10d68dd3-e844-4eeb-99d4-915c5e2a7dfe"><a href="https://klappergarten.de/"><img decoding="async" src="https://radlager-freiburg.org/wp-content/uploads/2025/07/grafik-3.png" alt="This image has an empty alt attribute; its file name is grafik-3.png"/></a></figure>

<p>Nicht nur in Freiburg ist Wohnen seit jeher ein zentrales Thema. Spekulation, Verdrängung und Gentrifizierung sind allgegenwärtig. Seit über vier Jahrzehnten organisieren sich deshalb in Freiburg beispielsweise Menschen in Wagengruppen, da Wagenleben diesen prekären Verältnissen eine konkrete Utopie eines solidarischen &hellip; <a href="https://radlager-freiburg.org/?page_id=39">Continue reading <span class="meta-nav">&rarr;</span></a></p>
