{"id":562,"date":"2025-06-28T19:22:11","date_gmt":"2025-06-28T17:22:11","guid":{"rendered":"https:\/\/radlager-freiburg.org\/?page_id=562"},"modified":"2026-08-10T15:55:47","modified_gmt":"2026-08-10T13:55:47","slug":"termine-2","status":"publish","type":"page","link":"https:\/\/radlager-freiburg.org\/?page_id=562","title":{"rendered":"Termine"},"content":{"rendered":"\n<h2 class=\"wp-block-heading\">Samstag 12. September Sommerfest<\/h2>\n\n\n\n<p class=\"wp-block-paragraph\">Alle Jahr wieder l\u00e4dt Radlager zum Sommerfest!<br>P\u00fcnktlich um 14:00 \u00f6ffnen wir unsere Pforten und der Spa\u00df f\u00fcr klein bis gro\u00df kann beginnen&#8230;<\/p>\n\n\n\n<figure class=\"wp-block-image size-large\"><img loading=\"lazy\" decoding=\"async\" width=\"724\" height=\"1024\" src=\"https:\/\/radlager-freiburg.org\/wp-content\/uploads\/2026\/08\/2026-Radlager-fest-724x1024.jpg\" alt=\"\" class=\"wp-image-816\" srcset=\"https:\/\/radlager-freiburg.org\/wp-content\/uploads\/2026\/08\/2026-Radlager-fest-724x1024.jpg 724w, https:\/\/radlager-freiburg.org\/wp-content\/uploads\/2026\/08\/2026-Radlager-fest-212x300.jpg 212w, https:\/\/radlager-freiburg.org\/wp-content\/uploads\/2026\/08\/2026-Radlager-fest-768x1086.jpg 768w, https:\/\/radlager-freiburg.org\/wp-content\/uploads\/2026\/08\/2026-Radlager-fest-1086x1536.jpg 1086w, https:\/\/radlager-freiburg.org\/wp-content\/uploads\/2026\/08\/2026-Radlager-fest-1448x2048.jpg 1448w, https:\/\/radlager-freiburg.org\/wp-content\/uploads\/2026\/08\/2026-Radlager-fest-scaled.jpg 1810w\" sizes=\"auto, (max-width: 724px) 100vw, 724px\" \/><\/figure>\n\n\n\n<p class=\"wp-block-paragraph\">Los geht es mit einer <strong>Schatzsuche<\/strong> um <strong>14:00<\/strong>, w\u00e4hrend parallel die <strong>Ausstellung<\/strong> bestaunt werden kann. Auch lassen sich auf dem <strong>Boulplatz<\/strong>, beim <strong>Tischkicker<\/strong>, in der <strong>Konsolenecke<\/strong>, oder beim <strong>Wasserschlachtspot<\/strong> spannende Matches liefern. Die druckaffinen unter euch k\u00f6nnen au\u00dferdem beim <strong>Siebdruckstand<\/strong> vorbei kommen um eigene (unbedruckte) Klamotten mit sch\u00f6nen Motiven zu versehen.<\/p>\n\n\n\n<p class=\"wp-block-paragraph\">Um <strong>15:00<\/strong> wird es dann eine <strong>F\u00fchrung<\/strong> \u00fcber den Platz geben, wo uns nat\u00fcrlich auch all die vielen Fragen gestellt werden k\u00f6nnen, die ihr schon immer mal loswerden wolltet. Parallel sstartet der <strong>Mitmachzirkus<\/strong>, f\u00fcr alle Zirkusliebhaber*innen unter euch und die, die schon immer Mal Zirkussachen selber machen wollten. Weiter geht es dann um <strong>15:30<\/strong> mit einem <strong>Input<\/strong>.<\/p>\n\n\n\n<p class=\"wp-block-paragraph\">Ab <strong>16:30<\/strong> k\u00f6nnt ihr dann eure Augen auf die pomp\u00f6se B\u00fchne wenden und das grandiose <strong><a href=\"https:\/\/tacker.fr\/node\/18539\" data-type=\"link\" data-id=\"https:\/\/tacker.fr\/node\/18539\">\u201cPopquizz 2012 &#8211; Apocalypse Edition\u201d<\/a><\/strong> kann beginnen, wo Erinnerungen an ein Jahrzehnt mit viel Swag auflammen werden und es an euch liegt die richtigen Antworten auf die entscheidenden Fragen zu finden.<\/p>\n\n\n\n<p class=\"wp-block-paragraph\">Um auch das kulinarische Wohlergehen nicht zu kurz kommen zu lassen, gibt es um <strong>18:30<\/strong> <strong>K\u00dcFA<\/strong> (K\u00fcche f\u00fcr alle), also Essen gegen Spende, damit um <strong>19:00 <\/strong>das <strong>Theaterst\u00fcck &#8220;Blue&#8221; <\/strong>starten kann, in welchem aus F\u00e4den und Schw\u00e4mmen neue Kreaturen entstehen werden, welche Raum f\u00fcr Projektionen schaffen.<\/p>\n\n\n\n<p class=\"wp-block-paragraph\">Um <strong>20:00<\/strong> startet dann der akustische Genuss des Abends, wo die Arme zappeln k\u00f6nnen und auch das Tanzbein geschwungen werden darf. Euch erwartet hier<a href=\"https:\/\/laterroristadelsabor.bandcamp.com\/album\/despeche-mode\" data-type=\"link\" data-id=\"https:\/\/laterroristadelsabor.bandcamp.com\/album\/despeche-mode\"> <strong>&#8220;La Terrorista del sabor&#8221;<\/strong><\/a> mit Electro-Cumbia-Rap aus Mexiko. Nach de Konzert gibt es noch <strong>Auflegerei<\/strong> mit <strong>DJ* Tamtam<\/strong> (Hip Hop, Feminist Reggeaton, Electronic) und<strong> DJ* Gekko Frech<\/strong> (Trash,Trance-Bounce).<\/p>\n\n\n\n<p class=\"wp-block-paragraph\">F\u00fcr das leibliche Wohl ist bis sp\u00e4t in die Nacht gesorgt: <strong>Cocktails<\/strong> und k\u00fchle <strong>Drinks<\/strong> gibts an der Bar. Und damit auch alle satt werden und auch dem sp\u00e4ten Hunger angemessen begegnet werden kann und es auf Radlager nunmal dazugeh\u00f6rt, gibts solange der Vorrat reicht <strong>Fritten<\/strong> mit der ber\u00fchmten Radlager-Knobi-Mayo.<\/p>\n\n\n\n<p class=\"wp-block-paragraph\">W\u00e4hrend dem ganze Fest wird es eine <strong>Awarenessstruktur<\/strong> geben, die jederzeit f\u00fcr euch entweder direkt, oder \u00fcber Einlass und Bar ansprechbar ist. Diese unterst\u00fctzt euch, damit sich alle wohlf\u00fchlen k\u00f6nnen.<\/p>\n\n\n\n<p class=\"wp-block-paragraph\"><strong>Barrieren<\/strong>:<br>Die ganze Veranstaltung findet <strong>drau\u00dfen<\/strong> steht. Es gibt wettergesch\u00fctzte Pl\u00e4tze, viel ist aber auch komplett unter freiem Himmel. Der Platz ist <strong>eben<\/strong>, besteht aber aus <strong>Wiese und Hackschnitzeln.<\/strong> Es gibt <strong>keine Treppen<\/strong>. Es gibt eine berollbare und<strong> barrierearme Toilette <\/strong>(DIN 18040). Die inhaltlichen Beitr\u00e4ge werden bei Bedarf <strong>akustisch verst\u00e4rkt<\/strong>, die Konzerte und anschlie\u00dfendes Auflegen k\u00f6nnen sehr <strong>laut<\/strong> werden. Der zeitliche Ablauf und verschiedene Orte sind klar <strong>beschildert und ausgeschrieben<\/strong>. Es gibt einen kleinen Wagen als <strong>R\u00fcckzugsraum<\/strong> w\u00e4hrend der Veranstaltung. Auf dem Platz ist es nach Einbruch der Dunkelheit <strong>dunkel<\/strong>. Die installierten Lichter sind bunt und k\u00f6nnen nicht jeden Bereich ausleuchten. Wenn du Fragen oder Bed\u00fcrfnisse hast um gut kommen zu k\u00f6nnen, schreib uns gerne eine Mail an kontakt[\u00e4t]radlager-freiburg.org<\/p>\n\n\n\n<p class=\"has-text-align-center wp-block-paragraph\">&#8212;&#8212;&#8212;&#8212;&#8212;&#8212;&#8212;&#8212;&#8212;&#8212;&#8212;&#8212;&#8212;&#8212;&#8212;&#8212;&#8212;&#8212;&#8212;&#8212;&#8212;&#8212;&#8212;&#8212;&#8212;&#8212;&#8212;&#8212;&#8212;&#8212;&#8212;&#8212;&#8212;&#8212;&#8212;&#8212;&#8212;&#8212;&#8212;&#8212;&#8212;&#8212;&#8212;&#8211;<\/p>\n\n\n\n<blockquote class=\"wp-block-quote is-layout-flow wp-block-quote-is-layout-flow\">\n<blockquote class=\"wp-block-quote is-layout-flow wp-block-quote-is-layout-flow\">\n<p class=\"has-text-align-center wp-block-paragraph\"><em>\u2728\ud83c\udf5f \ud83c\udf89 \ud83c\udf7b \ud83e\uddc3 \ud83c\udf79 \ud83c\udf89\ud83c\udf5f \u2728<br><strong>JEDEN ERSTEN FREITAG IM MONAT<\/strong><br><strong>Frittenkneipe auf Radlager<\/strong><\/em><br><em>Kommt gerne immer ab 20 Uhr zu uns (ans Lagerfeuer) und genie\u00dft leckere Getr\u00e4nke und frische, fettige Fritten. Dazu gibt es ein wenig Musik aus der Dose und liebe Leute.<br>\u2728\ud83c\udf5f \ud83c\udf89 \ud83c\udf7b \ud83e\uddc3 \ud83c\udf79 \ud83c\udf89\ud83c\udf5f \u2728<br>[DIE N\u00c4CHSTE KNEIPE FINDET AM 04. SEPTEMBER STATT]<\/em><\/p>\n<\/blockquote>\n<\/blockquote>\n\n\n\n<p class=\"wp-block-paragraph\"><\/p>\n","protected":false},"excerpt":{"rendered":"<p>Samstag 12. September Sommerfest Alle Jahr wieder l\u00e4dt Radlager zum Sommerfest!P\u00fcnktlich um 14:00 \u00f6ffnen wir unsere Pforten und der Spa\u00df f\u00fcr klein bis gro\u00df kann beginnen&#8230; Los geht es mit einer Schatzsuche um 14:00, w\u00e4hrend parallel die Ausstellung bestaunt werden &hellip; <a href=\"https:\/\/radlager-freiburg.org\/?page_id=562\">Continue reading <span class=\"meta-nav\">&rarr;<\/span><\/a><\/p>\n","protected":false},"author":1,"featured_media":0,"parent":0,"menu_order":10,"comment_status":"closed","ping_status":"closed","template":"","meta":{"footnotes":""},"class_list":["post-562","page","type-page","status-publish","hentry"],"_links":{"self":[{"href":"https:\/\/radlager-freiburg.org\/index.php?rest_route=\/wp\/v2\/pages\/562","targetHints":{"allow":["GET"]}}],"collection":[{"href":"https:\/\/radlager-freiburg.org\/index.php?rest_route=\/wp\/v2\/pages"}],"about":[{"href":"https:\/\/radlager-freiburg.org\/index.php?rest_route=\/wp\/v2\/types\/page"}],"author":[{"embeddable":true,"href":"https:\/\/radlager-freiburg.org\/index.php?rest_route=\/wp\/v2\/users\/1"}],"replies":[{"embeddable":true,"href":"https:\/\/radlager-freiburg.org\/index.php?rest_route=%2Fwp%2Fv2%2Fcomments&post=562"}],"version-history":[{"count":33,"href":"https:\/\/radlager-freiburg.org\/index.php?rest_route=\/wp\/v2\/pages\/562\/revisions"}],"predecessor-version":[{"id":818,"href":"https:\/\/radlager-freiburg.org\/index.php?rest_route=\/wp\/v2\/pages\/562\/revisions\/818"}],"wp:attachment":[{"href":"https:\/\/radlager-freiburg.org\/index.php?rest_route=%2Fwp%2Fv2%2Fmedia&parent=562"}],"curies":[{"name":"wp","href":"https:\/\/api.w.org\/{rel}","templated":true}]}}

<h2 class="wp-block-heading">Samstag 12. September Sommerfest</h2>



<p class="wp-block-paragraph">Alle Jahr wieder lädt Radlager zum Sommerfest!<br>Pünktlich um 14:00 öffnen wir unsere Pforten und der Spaß für klein bis groß kann beginnen&#8230;</p>



<figure class="wp-block-image size-large"><img loading="lazy" decoding="async" width="724" height="1024" src="https://radlager-freiburg.org/wp-content/uploads/2026/08/2026-Radlager-fest-724x1024.jpg" alt="" class="wp-image-816" srcset="https://radlager-freiburg.org/wp-content/uploads/2026/08/2026-Radlager-fest-724x1024.jpg 724w, https://radlager-freiburg.org/wp-content/uploads/2026/08/2026-Radlager-fest-212x300.jpg 212w, https://radlager-freiburg.org/wp-content/uploads/2026/08/2026-Radlager-fest-768x1086.jpg 768w, https://radlager-freiburg.org/wp-content/uploads/2026/08/2026-Radlager-fest-1086x1536.jpg 1086w, https://radlager-freiburg.org/wp-content/uploads/2026/08/2026-Radlager-fest-1448x2048.jpg 1448w, https://radlager-freiburg.org/wp-content/uploads/2026/08/2026-Radlager-fest-scaled.jpg 1810w" sizes="auto, (max-width: 724px) 100vw, 724px" /></figure>



<p class="wp-block-paragraph">Los geht es mit einer <strong>Schatzsuche</strong> um <strong>14:00</strong>, während parallel die <strong>Ausstellung</strong> bestaunt werden kann. Auch lassen sich auf dem <strong>Boulplatz</strong>, beim <strong>Tischkicker</strong>, in der <strong>Konsolenecke</strong>, oder beim <strong>Wasserschlachtspot</strong> spannende Matches liefern. Die druckaffinen unter euch können außerdem beim <strong>Siebdruckstand</strong> vorbei kommen um eigene (unbedruckte) Klamotten mit schönen Motiven zu versehen.</p>



<p class="wp-block-paragraph">Um <strong>15:00</strong> wird es dann eine <strong>Führung</strong> über den Platz geben, wo uns natürlich auch all die vielen Fragen gestellt werden können, die ihr schon immer mal loswerden wolltet. Parallel sstartet der <strong>Mitmachzirkus</strong>, für alle Zirkusliebhaber*innen unter euch und die, die schon immer Mal Zirkussachen selber machen wollten. Weiter geht es dann um <strong>15:30</strong> mit einem <strong>Input</strong>.</p>



<p class="wp-block-paragraph">Ab <strong>16:30</strong> könnt ihr dann eure Augen auf die pompöse Bühne wenden und das grandiose <strong><a href="https://tacker.fr/node/18539" data-type="link" data-id="https://tacker.fr/node/18539">“Popquizz 2012 &#8211; Apocalypse Edition”</a></strong> kann beginnen, wo Erinnerungen an ein Jahrzehnt mit viel Swag auflammen werden und es an euch liegt die richtigen Antworten auf die entscheidenden Fragen zu finden.</p>



<p class="wp-block-paragraph">Um auch das kulinarische Wohlergehen nicht zu kurz kommen zu lassen, gibt es um <strong>18:30</strong> <strong>KÜFA</strong> (Küche für alle), also Essen gegen Spende, damit um <strong>19:00 </strong>das <strong>Theaterstück &#8220;Blue&#8221; </strong>starten kann, in welchem aus Fäden und Schwämmen neue Kreaturen entstehen werden, welche Raum für Projektionen schaffen.</p>



<p class="wp-block-paragraph">Um <strong>20:00</strong> startet dann der akustische Genuss des Abends, wo die Arme zappeln können und auch das Tanzbein geschwungen werden darf. Euch erwartet hier<a href="https://laterroristadelsabor.bandcamp.com/album/despeche-mode" data-type="link" data-id="https://laterroristadelsabor.bandcamp.com/album/despeche-mode"> <strong>&#8220;La Terrorista del sabor&#8221;</strong></a> mit Electro-Cumbia-Rap aus Mexiko. Nach de Konzert gibt es noch <strong>Auflegerei</strong> mit <strong>DJ* Tamtam</strong> (Hip Hop, Feminist Reggeaton, Electronic) und<strong> DJ* Gekko Frech</strong> (Trash,Trance-Bounce).</p>



<p class="wp-block-paragraph">Für das leibliche Wohl ist bis spät in die Nacht gesorgt: <strong>Cocktails</strong> und kühle <strong>Drinks</strong> gibts an der Bar. Und damit auch alle satt werden und auch dem späten Hunger angemessen begegnet werden kann und es auf Radlager nunmal dazugehört, gibts solange der Vorrat reicht <strong>Fritten</strong> mit der berühmten Radlager-Knobi-Mayo.</p>



<p class="wp-block-paragraph">Während dem ganze Fest wird es eine <strong>Awarenessstruktur</strong> geben, die jederzeit für euch entweder direkt, oder über Einlass und Bar ansprechbar ist. Diese unterstützt euch, damit sich alle wohlfühlen können.</p>



<p class="wp-block-paragraph"><strong>Barrieren</strong>:<br>Die ganze Veranstaltung findet <strong>draußen</strong> steht. Es gibt wettergeschützte Plätze, viel ist aber auch komplett unter freiem Himmel. Der Platz ist <strong>eben</strong>, besteht aber aus <strong>Wiese und Hackschnitzeln.</strong> Es gibt <strong>keine Treppen</strong>. Es gibt eine berollbare und<strong> barrierearme Toilette </strong>(DIN 18040). Die inhaltlichen Beiträge werden bei Bedarf <strong>akustisch verstärkt</strong>, die Konzerte und anschließendes Auflegen können sehr <strong>laut</strong> werden. Der zeitliche Ablauf und verschiedene Orte sind klar <strong>beschildert und ausgeschrieben</strong>. Es gibt einen kleinen Wagen als <strong>Rückzugsraum</strong> während der Veranstaltung. Auf dem Platz ist es nach Einbruch der Dunkelheit <strong>dunkel</strong>. Die installierten Lichter sind bunt und können nicht jeden Bereich ausleuchten. Wenn du Fragen oder Bedürfnisse hast um gut kommen zu können, schreib uns gerne eine Mail an kontakt[ät]radlager-freiburg.org</p>



<p class="has-text-align-center wp-block-paragraph">&#8212;&#8212;&#8212;&#8212;&#8212;&#8212;&#8212;&#8212;&#8212;&#8212;&#8212;&#8212;&#8212;&#8212;&#8212;&#8212;&#8212;&#8212;&#8212;&#8212;&#8212;&#8212;&#8212;&#8212;&#8212;&#8212;&#8212;&#8212;&#8212;&#8212;&#8212;&#8212;&#8212;&#8212;&#8212;&#8212;&#8212;&#8212;&#8212;&#8212;&#8212;&#8212;&#8212;&#8211;</p>



<blockquote class="wp-block-quote is-layout-flow wp-block-quote-is-layout-flow">
<blockquote class="wp-block-quote is-layout-flow wp-block-quote-is-layout-flow">
<p class="has-text-align-center wp-block-paragraph"><em>✨🍟 🎉 🍻 🧃 🍹 🎉🍟 ✨<br><strong>JEDEN ERSTEN FREITAG IM MONAT</strong><br><strong>Frittenkneipe auf Radlager</strong></em><br><em>Kommt gerne immer ab 20 Uhr zu uns (ans Lagerfeuer) und genießt leckere Getränke und frische, fettige Fritten. Dazu gibt es ein wenig Musik aus der Dose und liebe Leute.<br>✨🍟 🎉 🍻 🧃 🍹 🎉🍟 ✨<br>[DIE NÄCHSTE KNEIPE FINDET AM 04. SEPTEMBER STATT]</em></p>
</blockquote>
</blockquote>



<p class="wp-block-paragraph"></p>

<p>Samstag 12. September Sommerfest Alle Jahr wieder lädt Radlager zum Sommerfest!Pünktlich um 14:00 öffnen wir unsere Pforten und der Spaß für klein bis groß kann beginnen&#8230; Los geht es mit einer Schatzsuche um 14:00, während parallel die Ausstellung bestaunt werden &hellip; <a href="https://radlager-freiburg.org/?page_id=562">Continue reading <span class="meta-nav">&rarr;</span></a></p>
