{"id":579,"date":"2025-07-20T18:26:41","date_gmt":"2025-07-20T16:26:41","guid":{"rendered":"https:\/\/radlager-freiburg.org\/?page_id=579"},"modified":"2026-04-08T12:41:11","modified_gmt":"2026-04-08T10:41:11","slug":"fordermitglieder","status":"publish","type":"page","link":"https:\/\/radlager-freiburg.org\/?page_id=579","title":{"rendered":"F\u00f6rdermitglieder"},"content":{"rendered":"\n<p>Radlager wird von derzeit 114 F\u00f6rdermitgliedern [Stand 04\/2026] ideell unterst\u00fctzt. Auch wenn die F\u00f6rdermitglieder nicht auf Radlager wohnen, m\u00f6chten sie mit ihrer Mitgliedschaft den T\u00e4tigkeiten und Zielen von Radlager Gewicht verleihen und ausdr\u00fccken wie wichtig Radlager in ihren Augen f\u00fcr Freiburg und St. Georgen ist.<\/p>\n\n\n\n<p><em>Wo kommen die F\u00f6rdermitglieder her?<\/em><\/p>\n\n\n\n<p>Die folgende Grafik zeigt wo unsere F\u00f6rdermitglieder wohnen nach Freiburger Stadtteilen (bzw. Postleitzahlbereichen) aufgeschl\u00fcsselt. Die meisten kommen aus unserer direkten Nachbar*innenschaft Sankt Georgen und dem s\u00fcdlichen Teil der Wiehre und Vauban.<\/p>\n\n\n\n<figure class=\"wp-block-gallery has-nested-images columns-default is-cropped wp-block-gallery-1 is-layout-flex wp-block-gallery-is-layout-flex\">\n<figure class=\"wp-block-image size-large\"><img loading=\"lazy\" decoding=\"async\" width=\"800\" height=\"400\" data-id=\"755\" src=\"https:\/\/radlager-freiburg.org\/wp-content\/uploads\/2026\/04\/foerdermitglieder_04_26-1.jpg\" alt=\"\" class=\"wp-image-755\" srcset=\"https:\/\/radlager-freiburg.org\/wp-content\/uploads\/2026\/04\/foerdermitglieder_04_26-1.jpg 800w, https:\/\/radlager-freiburg.org\/wp-content\/uploads\/2026\/04\/foerdermitglieder_04_26-1-300x150.jpg 300w, https:\/\/radlager-freiburg.org\/wp-content\/uploads\/2026\/04\/foerdermitglieder_04_26-1-768x384.jpg 768w\" sizes=\"auto, (max-width: 800px) 100vw, 800px\" \/><\/figure>\n<\/figure>\n\n\n\n<p><em>Wie werde ich F\u00f6rdermitglied?<\/em><\/p>\n\n\n\n<p>Wenn auch du F\u00f6rdermitglieder bei Radlager werden m\u00f6chtest und uns unterst\u00fctzen m\u00f6chtest, dann komm gerne zu einer unserer Veranstaltungen. Dort gibt es immer ein paar Mitgliedsantr\u00e4ge. Als F\u00f6rdermitglieder erf\u00e4hrst du regelm\u00e4\u00dfig per Newsletter was bei uns gerade passiert und wirst einmal im Jahr zu unserer j\u00e4hrlichen Mitgliederversammlung eingeladen.<\/p>\n","protected":false},"excerpt":{"rendered":"<p>Radlager wird von derzeit 114 F\u00f6rdermitgliedern [Stand 04\/2026] ideell unterst\u00fctzt. Auch wenn die F\u00f6rdermitglieder nicht auf Radlager wohnen, m\u00f6chten sie mit ihrer Mitgliedschaft den T\u00e4tigkeiten und Zielen von Radlager Gewicht verleihen und ausdr\u00fccken wie wichtig Radlager in ihren Augen f\u00fcr &hellip; <a href=\"https:\/\/radlager-freiburg.org\/?page_id=579\">Continue reading <span class=\"meta-nav\">&rarr;<\/span><\/a><\/p>\n","protected":false},"author":1,"featured_media":0,"parent":0,"menu_order":0,"comment_status":"closed","ping_status":"closed","template":"","meta":{"footnotes":""},"class_list":["post-579","page","type-page","status-publish","hentry"],"_links":{"self":[{"href":"https:\/\/radlager-freiburg.org\/index.php?rest_route=\/wp\/v2\/pages\/579","targetHints":{"allow":["GET"]}}],"collection":[{"href":"https:\/\/radlager-freiburg.org\/index.php?rest_route=\/wp\/v2\/pages"}],"about":[{"href":"https:\/\/radlager-freiburg.org\/index.php?rest_route=\/wp\/v2\/types\/page"}],"author":[{"embeddable":true,"href":"https:\/\/radlager-freiburg.org\/index.php?rest_route=\/wp\/v2\/users\/1"}],"replies":[{"embeddable":true,"href":"https:\/\/radlager-freiburg.org\/index.php?rest_route=%2Fwp%2Fv2%2Fcomments&post=579"}],"version-history":[{"count":6,"href":"https:\/\/radlager-freiburg.org\/index.php?rest_route=\/wp\/v2\/pages\/579\/revisions"}],"predecessor-version":[{"id":757,"href":"https:\/\/radlager-freiburg.org\/index.php?rest_route=\/wp\/v2\/pages\/579\/revisions\/757"}],"wp:attachment":[{"href":"https:\/\/radlager-freiburg.org\/index.php?rest_route=%2Fwp%2Fv2%2Fmedia&parent=579"}],"curies":[{"name":"wp","href":"https:\/\/api.w.org\/{rel}","templated":true}]}}

Fördermitglieder

<p>Radlager wird von derzeit 114 Fördermitgliedern [Stand 04/2026] ideell unterstützt. Auch wenn die Fördermitglieder nicht auf Radlager wohnen, möchten sie mit ihrer Mitgliedschaft den Tätigkeiten und Zielen von Radlager Gewicht verleihen und ausdrücken wie wichtig Radlager in ihren Augen für Freiburg und St. Georgen ist.</p>



<p><em>Wo kommen die Fördermitglieder her?</em></p>



<p>Die folgende Grafik zeigt wo unsere Fördermitglieder wohnen nach Freiburger Stadtteilen (bzw. Postleitzahlbereichen) aufgeschlüsselt. Die meisten kommen aus unserer direkten Nachbar*innenschaft Sankt Georgen und dem südlichen Teil der Wiehre und Vauban.</p>



<figure class="wp-block-gallery has-nested-images columns-default is-cropped wp-block-gallery-1 is-layout-flex wp-block-gallery-is-layout-flex">
<figure class="wp-block-image size-large"><img loading="lazy" decoding="async" width="800" height="400" data-id="755" src="https://radlager-freiburg.org/wp-content/uploads/2026/04/foerdermitglieder_04_26-1.jpg" alt="" class="wp-image-755" srcset="https://radlager-freiburg.org/wp-content/uploads/2026/04/foerdermitglieder_04_26-1.jpg 800w, https://radlager-freiburg.org/wp-content/uploads/2026/04/foerdermitglieder_04_26-1-300x150.jpg 300w, https://radlager-freiburg.org/wp-content/uploads/2026/04/foerdermitglieder_04_26-1-768x384.jpg 768w" sizes="auto, (max-width: 800px) 100vw, 800px" /></figure>
</figure>



<p><em>Wie werde ich Fördermitglied?</em></p>



<p>Wenn auch du Fördermitglieder bei Radlager werden möchtest und uns unterstützen möchtest, dann komm gerne zu einer unserer Veranstaltungen. Dort gibt es immer ein paar Mitgliedsanträge. Als Fördermitglieder erfährst du regelmäßig per Newsletter was bei uns gerade passiert und wirst einmal im Jahr zu unserer jährlichen Mitgliederversammlung eingeladen.</p>

<p>Radlager wird von derzeit 114 Fördermitgliedern [Stand 04/2026] ideell unterstützt. Auch wenn die Fördermitglieder nicht auf Radlager wohnen, möchten sie mit ihrer Mitgliedschaft den Tätigkeiten und Zielen von Radlager Gewicht verleihen und ausdrücken wie wichtig Radlager in ihren Augen für &hellip; <a href="https://radlager-freiburg.org/?page_id=579">Continue reading <span class="meta-nav">&rarr;</span></a></p>
