{"id":85,"date":"2020-07-12T13:17:10","date_gmt":"2020-07-12T11:17:10","guid":{"rendered":"https:\/\/radlager-freiburg.org\/?page_id=85"},"modified":"2025-12-16T20:52:22","modified_gmt":"2025-12-16T19:52:22","slug":"termine","status":"publish","type":"page","link":"https:\/\/radlager-freiburg.org\/?page_id=85","title":{"rendered":"Gl\u00fchevent 21.12.25 15-19 Uhr"},"content":{"rendered":"\n<p>Es ist wieder mal Dezember und wir m\u00f6chten gerne unsere kleine Tradition des Gl\u00fchevents auf Radlager fortf\u00fchren und dazu einladen, bei uns einen gem\u00fctlichen Nachmittag und\/ oder Abend zu verbringen, um in Austausch zu kommen und das Projekt und den Ort Radlager e.V. ein bisschen besser kennenzulerneGl\u00fchevent 21.12.25n.<br>Neben Pl\u00e4tzchen, Punsch und Gl\u00fchwein (nat\u00fcrlich darf gerne auch etwas mitgebracht werden;)) am Lagerfeuer, m\u00f6chten wir auch gerne- so lang es hell ist- zum Boulspiel auf der benachbarten Fl\u00e4che des B\u00fcrgervereins einladen. Und nach Bedarf wird es immer wieder Platzf\u00fchrungen geben.<\/p>\n\n\n\n<p>Ab 15 Uhr Boule- Spiel<br>Ab 16 Uhr Gl\u00fchtresen, Beisammensein, Lagerfeuer, Platzf\u00fchrung<br>Gegen 19 Uhr lassen wir es ausklingen<\/p>\n\n\n\n<p>Ort: Basler Landstra\u00dfe 15c, 79115 Freiburg<\/p>\n\n\n\n<p>Barrieren:<br>Die Bar findet drau\u00dfen statt. Der Ort ist \u00fcberdacht. Es gibt eine barrierearme Toilette auf Radlager. Es gibt keine Treppen auf Radlager. Je nach Wetterbedingungen ist der Weg auf den Platz aber nur schwer zu berollen (Wiese und Hackschnitzel).<\/p>\n\n\n\n<p>Wir freuen uns auf Ihr und euer Kommen<\/p>\n","protected":false},"excerpt":{"rendered":"<p>Es ist wieder mal Dezember und wir m\u00f6chten gerne unsere kleine Tradition des Gl\u00fchevents auf Radlager fortf\u00fchren und dazu einladen, bei uns einen gem\u00fctlichen Nachmittag und\/ oder Abend zu verbringen, um in Austausch zu kommen und das Projekt und den &hellip; <a href=\"https:\/\/radlager-freiburg.org\/?page_id=85\">Continue reading <span class=\"meta-nav\">&rarr;<\/span><\/a><\/p>\n","protected":false},"author":1,"featured_media":257,"parent":0,"menu_order":0,"comment_status":"closed","ping_status":"closed","template":"","meta":{"footnotes":""},"class_list":["post-85","page","type-page","status-publish","has-post-thumbnail","hentry"],"_links":{"self":[{"href":"https:\/\/radlager-freiburg.org\/index.php?rest_route=\/wp\/v2\/pages\/85","targetHints":{"allow":["GET"]}}],"collection":[{"href":"https:\/\/radlager-freiburg.org\/index.php?rest_route=\/wp\/v2\/pages"}],"about":[{"href":"https:\/\/radlager-freiburg.org\/index.php?rest_route=\/wp\/v2\/types\/page"}],"author":[{"embeddable":true,"href":"https:\/\/radlager-freiburg.org\/index.php?rest_route=\/wp\/v2\/users\/1"}],"replies":[{"embeddable":true,"href":"https:\/\/radlager-freiburg.org\/index.php?rest_route=%2Fwp%2Fv2%2Fcomments&post=85"}],"version-history":[{"count":63,"href":"https:\/\/radlager-freiburg.org\/index.php?rest_route=\/wp\/v2\/pages\/85\/revisions"}],"predecessor-version":[{"id":626,"href":"https:\/\/radlager-freiburg.org\/index.php?rest_route=\/wp\/v2\/pages\/85\/revisions\/626"}],"wp:featuredmedia":[{"embeddable":true,"href":"https:\/\/radlager-freiburg.org\/index.php?rest_route=\/wp\/v2\/media\/257"}],"wp:attachment":[{"href":"https:\/\/radlager-freiburg.org\/index.php?rest_route=%2Fwp%2Fv2%2Fmedia&parent=85"}],"curies":[{"name":"wp","href":"https:\/\/api.w.org\/{rel}","templated":true}]}}